13839 and 42.
21
What is the highest common factor of 40 and 535?
5
What is the highest common factor of 126 and 684?
18
What is the greatest common factor of 234 and 36?
18
Calculate the highest common divisor of 4 and 53.
1
What is the highest common divisor of 32 and 20?
4
What is the highest common factor of 16980 and 240?
60
What is the greatest common divisor of 235 and 145?
5
What is the highest common divisor of 40 and 3320?
40
Calculate the greatest common factor of 26 and 5993.
13
What is the greatest common factor of 35 and 160?
5
Calculate the highest common divisor of 40 and 540.
20
What is the highest common divisor of 264 and 704?
88
What is the greatest common factor of 1617 and 429?
33
What is the greatest common factor of 207 and 30?
3
What is the highest common divisor of 1410 and 60?
30
What is the greatest common divisor of 304 and 144?
16
Calculate the highest common factor of 620 and 2.
2
Calculate the highest common factor of 4 and 1508.
4
What is the greatest common factor of 502 and 1255?
251
What is the greatest common divisor of 870 and 30?
30
What is the highest common factor of 3080 and 224?
56
Calculate the greatest common factor of 48 and 18.
6
What is the greatest common divisor of 308 and 2?
2
What is the greatest common divisor of 1460 and 60?
20
Calculate the highest common factor of 7 and 749.
7
What is the highest common divisor of 693 and 1925?
77
What is the greatest common divisor of 87 and 11629?
29
What is the greatest common factor of 232 and 174?
58
Calculate the highest common divisor of 55 and 2255.
55
What is the highest common factor of 30 and 615?
15
What is the greatest common factor of 585 and 468?
117
Calculate the highest common factor of 55 and 110.
55
Calculate the greatest common divisor of 5 and 7295.
5
Calculate the greatest common divisor of 282 and 12.
6
Calculate the greatest common factor of 332 and 83.
83
What is the highest common divisor of 357 and 51?
51
What is the greatest common factor of 279 and 1488?
93
What is the greatest common factor of 3726 and 138?
138
Calculate the greatest common factor of 380 and 228.
76
Calculate the highest common factor of 130 and 338.
26
Calculate the greatest common factor of 472 and 59.
59
What is the highest common divisor of 8 and 152?
8
What is the greatest common divisor of 10 and 110?
10
What is the highest common divisor of 8909 and 59?
59
What is the greatest common factor of 9 and 2?
1
Calculate the greatest common divisor of 3336 and 120.
24
Calculate the greatest common divisor of 11 and 473.
11
What is the highest common factor of 630 and 11130?
210
What is the greatest common factor of 192 and 9?
3
Calculate the highest common divisor of 27 and 297.
27
Calculate the greatest common divisor of 28 and 14.
14
What is the highest common factor of 11 and 275?
11
What is the greatest common divisor of 43 and 43?
43
What is the greatest common factor of 142 and 6?
2
Calculate the highest common factor of 840 and 185.
5
Calculate the greatest common factor of 384 and 1632.
96
What is the greatest common factor of 875 and 70?
35
Calculate the greatest common divisor of 648 and 1215.
81
Calculate the highest common divisor of 166 and 8134.
166
What is the highest common divisor of 57 and 703?
19
Calculate the greatest common divisor of 671 and 305.
61
What is the highest common factor of 2 and 74?
2
What is the highest common divisor of 45 and 540?
45
What is the highest common factor of 162 and 35397?
81
Calculate the highest common divisor of 64 and 1.
1
What is the highest common factor of 260 and 10?
10
Calculate the highest common factor of 155 and 200.
5
Calculate the greatest common divisor of 50 and 2100.
50
What is the highest common divisor of 462 and 42?
42
What is the highest common divisor of 137 and 2329?
137
What is the greatest common divisor of 36 and 144?
36
What is the highest common factor of 3476 and 44?
44
Calculate the greatest common factor of 8712 and 72.
72
What is the greatest common factor of 64 and 368?
16
What is the highest common divisor of 189 and 3087?
63
Calculate the highest common divisor of 654 and 6976.
218
Calculate the highest common factor of 721 and 581.
7
What is the highest common divisor of 864 and 621?
27
What is the greatest common divisor of 620 and 460?
20
Calculate the highest common divisor of 1562 and 923.
71
What is the greatest common divisor of 6 and 141?
3
What is the greatest common factor of 64 and 2912?
32
Calculate the greatest common divisor of 2096 and 8.
8
Calculate the highest common factor of 102 and 289.
17
Calculate the highest common divisor of 348 and 258.
6
What is the highest common divisor of 187 and 51?
17
Calculate the greatest common divisor of 49 and 56.
7
Calculate the highest common divisor of 110 and 44.
22
Calculate the highest common divisor of 165 and 30.
15
Calculate the highest common divisor of 27 and 558.
9
What is the highest common divisor of 2268 and 140?
28
What is the highest common factor of 5180 and 560?
140
Calculate the greatest common divisor of 28 and 1526.
14
What is the highest common divisor of 46 and 16054?
46
What is the greatest common factor of 119 and 147?
7
What is the highest common divisor of 315 and 525?
105
Calculate the highest common divisor of 3355 and 55.
55
Calculate the highest common factor of 6885 and 85.
85
What is the greatest common factor of 165 and 1995?
15
Calculate the greatest common factor of 2 and 106.
2
Calculate the highest common factor of 4959 and 261.
261
What is the highest common factor of 13 and 871?
13
Calculate the greatest common divisor of 1564 and 644.
92
Calculate the highest common factor of 21 and 2919.
21
What is the highest common divisor of 18 and 234?
18
Calculate the highest common divisor of 10225 and 75.
25
Calculate the highest common factor of 20 and 1340.
20
Calculate the greatest common divisor of 30 and 40.
10
Calculate the highest common divisor of 872 and 40.
8
Calculate the greatest common divisor of 87 and 2001.
87
What is the highest common factor of 2117 and 73?
73
Calculate the highest common divisor of 78 and 6.
6
Calculate the highest common factor of 3152 and 128.
16
Calculate the greatest common factor of 19902 and 6.
6
What is the greatest common factor of 1386 and 483?
21
What is the highest common factor of 57 and 247?
19
What is the greatest common divisor of 66 and 11506?
22
Calculate the greatest common factor of 759 and 138.
69
What is the highest common divisor of 252 and 288?
36
What is the highest common factor of 29 and 6467?
29
Calculate the greatest common divisor of 112 and 84.
28
Calculate the greatest common factor of 1504 and 1034.
94
Calculate the greatest common divisor of 288 and 3708.
36
What is the greatest common divisor of 38 and 2375?
19
Calculate the highest common factor of 10 and 50.
10
What is the greatest common divisor of 31 and 155?
31
What is the greatest common factor of 2533 and 153?
17
Calculate the highest common factor of 358 and 6.
2
What is the highest common divisor of 66 and 99?
33
What is the greatest common factor of 333 and 45?
9
Calculate the highest common divisor of 1881 and 396.
99
Calculate the highest common divisor of 11993 and 358.
179
Calculate the highest common divisor of 144 and 228.
12
What is the highest common factor of 98879 and 89?
89
Calculate the greatest common factor of 507 and 117.
39
Calculate the greatest common factor of 63 and 333.
9
What is the highest common factor of 8349 and 23?
23
What is the highest common divisor of 5767 and 146?
73
What is the greatest common factor of 52 and 4368?
52
What is the greatest common divisor of 24 and 36?
12
Calculate the highest common divisor of 1098 and 57.
3
Calculate the greatest common divisor of 8 and 19.
1
Calculate the greatest common factor of 44 and 20.
4
What is the greatest common divisor of 19673 and 191?
191
Calculate the highest common divisor of 182 and 104.
26
Calculate the greatest common divisor of 5311 and 226.
113
Calculate the highest common factor of 377 and 26.
13
What is the greatest common factor of 34 and 289?
17
Calculate the highest common factor of 32 and 224.
32
What is the highest common factor of 18 and 30?
6
Calculate the highest